(-20)*(x + -3). Calculate the greatest common divisor of q and d.
6
Let x(j) = 2*j**2 + 26*j + 76. Let s be x(-3). Let d be 0*(-3)/6 + 25. Let m be ((-24)/5)/((-5)/d). Calculate the highest common factor of s and m.
8
Let a(w) = w**3 - 7*w**2 + 21*w - 6. Let y be a(5). Suppose -2*c = -3*s - 17, c + 0*s - 5 = -2*s. Calculate the greatest common divisor of c and y.
7
Let m be 22 + (2 - -1) + -1. Suppose 2*q = 3*h + 3*q - 2, 2*h - 3*q - 5 = 0. Let f = 7 + h. Calculate the greatest common divisor of m and f.
8
Suppose 4*c - 4*c = -7*c. Suppose 2*q + 5*h - 40 = c, -q = -5*q + h + 124. What is the highest common divisor of q and 24?
6
Suppose 6 - 9 = c, 4*c = 3*q - 1068. What is the greatest common divisor of q and 99?
11
Let a = 242 + -238. Calculate the greatest common divisor of 18 and a.
2
Suppose -4*m + x + 5 = 0, -4*x + 2*x = 4*m + 10. Suppose -5*u + 47 - 2 = m. Suppose 0 = -2*c + u + 9. Calculate the greatest common factor of 9 and c.
9
Let v(j) = j + 8. Let i be v(6). Let f = i - 5. Let r be 3/f*3 - -44. Calculate the highest common divisor of r and 18.
9
Suppose 3 = -0*k + k. Suppose -k*r - 685 = -5*l, l - 3*l = 2*r - 290. What is the greatest common divisor of l and 28?
28
Let g = -7385 - -7394. Let v be 1714/10 + 4/(-10). What is the highest common factor of g and v?
9
Suppose 5*s = 7*s - 34. Suppose 0 = n - s + 14. What is the highest common factor of 27 and n?
3
Suppose 0 = 5*j + 2*t - 4*t - 1041, 3*t - 633 = -3*j. Let x = -31 + 50. What is the highest common divisor of x and j?
19
Let k(n) = 3*n - 5. Let b be k(8). Let i = 27 - b. Let j(f) = -f**3 + 7*f**2 - 6*f + 4. Let o be j(5). Calculate the greatest common divisor of o and i.
8
Suppose 5*m = 3*w - 1032, -1376 = -4*w - 14*m + 13*m. Calculate the greatest common factor of 16 and w.
8
Suppose 3*o - 111 = 39. Let p = o + -36. Calculate the greatest common divisor of 42 and p.
14
Let z(f) = 2*f**2 - 41*f - 8. Let l be z(21). Let h = l - 5. Calculate the highest common divisor of h and 4.
4
Let p = 87 - 61. Suppose 2*n = 4*n - 52. Calculate the greatest common divisor of n and p.
26
Suppose 0 = -5*x + 3*w + 13074 + 1909, w + 1 = 0. What is the greatest common factor of x and 28?
28
Let x = -195 - -299. Suppose 0 = -3*h, 2*a - x = -2*h + 36. Calculate the greatest common divisor of a and 175.
35
Suppose 5*n + 0*n = 2*h + 52, -3*n + 31 = -h. Suppose -9*d + 13*d = 204. Let j = d + -49. What is the greatest common divisor of j and n?
2
Let u be 1 - 3 - 0 - -2. Suppose -2*i - a = -158, u = 2*i - 0*i - 4*a - 178. Suppose 0 = -0*g + 3*g - i. What is the highest common factor of 3 and g?
3
Suppose 3*p - 15 = -0*p, 0 = -n - 3*p + 18. Suppose -2*m - 194 = -5*h, 5*m + 138 = n*h + 33. Calculate the greatest common factor of 16 and h.
8
Let g(b) = 2*b**2 - 11*b - 21. Let p be g(9). What is the greatest common factor of p and 161?
7
Let p(x) = -x**2 + 6*x + 11. Let j be p(7). Suppose 2*c - j*c + 40 = 0. Calculate the highest common factor of c and 8.
4
Let q = 1031 - 626. What is the highest common factor of 45 and q?
45
Let b = 41 - 51. Let o be 2/b + (-21)/(-5) + -1. What is the greatest common factor of o and 9?
3
Let w be (4/(-14))/(2/(-14)). Suppose 4*k - 2 = b + 4, -3*b - w = -4*k. Calculate the highest common factor of b and 6.
2
Let x be 966/4 + (-20)/(-40). Calculate the greatest common divisor of x and 44.
22
Suppose 2*r = -r - 6, -38 = -2*c + 4*r. Let z be (-507)/1352 - (-83)/8. What is the highest common factor of z and c?
5
Suppose 15 + 17 = 2*u. Let g = u + 4. What is the highest common divisor of 260 and g?
20
Let s be (-17 - 259)*3/(-2). Calculate the greatest common divisor of s and 46.
46
Suppose 0 = -2*h + 73 - 39. Let t be -1 - (-6)/(-3) - -20. What is the greatest common factor of h and t?
17
Let y(j) = -2*j**2 + 12*j + 14. Let c(x) = x**3 - 7*x**2 + 6. Let b be c(7). Let o be y(b). Calculate the greatest common divisor of o and 126.
14
Suppose 0 = 19*i - 14*i - 805. Calculate the greatest common divisor of i and 23.
23
Let d(n) = n**3 - 5*n**2 + 5. Let o be d(6). Suppose 3*h - 64 = -2*s, -4*h + 3*s = -o - 16. What is the highest common factor of 126 and h?
18
Let o(l) = -14*l + 196. Let d be o(7). Calculate the highest common factor of d and 210.
14
Let j(m) = 2 - 9*m**2 - 8 + m**3 + 12*m**2 + 0*m**3 - 17*m. Let f be j(-5). What is the highest common factor of f and 29?
29
Let n(r) = -r**3 - 3*r**2 + 3. Let q be n(-3). Suppose 1 + 5 = -q*t, -5*g + 3*t + 21 = 0. Let y = -91 + 112. What is the highest common divisor of g and y?
3
Let m = 17 + -6. Suppose k - 32 = -m. Let v(r) = r - 4. Let l be v(k). What is the highest common factor of 153 and l?
17
Let b(j) be the first derivative of -5*j**2/2 - 36*j + 3. Let m be b(-12). What is the greatest common divisor of m and 6?
6
Suppose p - 4 = -p, -3*d - 5*p + 7120 = 0. Let r be 4/18 + d/27. Suppose 3*m - 21 = 45. Calculate the highest common factor of r and m.
22
Suppose 8*w - 540 - 100 = 0. What is the greatest common divisor of 4 and w?
4
Let w = -38 - -48. Suppose -76 = -m + 2*d, 4*d + d = 4*m - 295. What is the highest common divisor of m and w?
10
Let l(f) = 2*f + 9. Let p be l(-3). Suppose 4*c - 248 = -3*h, c = 2*h + p*c - 162. Calculate the highest common factor of h and 19.
19
Suppose -2*q - 5*v + 33 = 0, -v + 30 = q - 3*v. What is the greatest common divisor of 32 and q?
8
Let d = -456 + 493. What is the highest common divisor of 185 and d?
37
Let r(a) = a**2 - 2 + a - 10*a**3 + 0*a**2 + 2. Let w be r(-1). Suppose 2*j - 110 = -5*l, -5*l + w = -0*l. What is the greatest common divisor of j and 20?
10
Suppose 2*r = -4*p + 92, 2*p + 149 = 5*r - 21. Let k = 11 + 3. Suppose 5*d + k = 74. What is the greatest common factor of r and d?
12
Let k = 514 - 500. What is the highest common divisor of k and 4?
2
Suppose 16*n = 4*r + 19*n - 143, 4*n - 84 = -2*r. What is the highest common factor of 232 and r?
8
Let k = -9 + 17. Suppose -3*v + k = -40. Let o(a) = 23*a - 84. Let p be o(4). What is the highest common factor of p and v?
8
Suppose -3*q - 13 + 109 = 0. Calculate the highest common factor of q and 24.
8
Let i = -99 + 283. Calculate the highest common factor of i and 46.
46
Let x(v) = -v**2 + 26*v + 12. Let h be x(18). What is the greatest common factor of 26 and h?
26
Let w(t) = -t**3 - 24*t**2 - 25*t - 49. Let b be w(-23). Let i be ((-8199)/12)/b + (-2)/(-8). Calculate the greatest common factor of i and 12.
12
Let z = 192 + -75. What is the greatest common divisor of 39 and z?
39
Suppose -5*u - 2*h - 15 = -27, -1 = -h. Let y(j) = 5*j**3 - j**2 + j. Let k be y(1). Suppose -u*q = k*q - 308. What is the highest common factor of q and 11?
11
Let f = -313 + 521. What is the greatest common factor of 13 and f?
13
Let f be ((-160)/(-8))/(2*1). Suppose -g = -2*i - f, 4*g = 3*g + i + 9. Suppose -2*x - x + 60 = 0. Calculate the highest common divisor of g and x.
4
Let c = 27 - 7. Suppose 12*l - 8*l - c = 0. Let b be 0 - 2*(-2 - 18). What is the highest common factor of l and b?
5
Let p = 108 - 67. Suppose -40*q = -p*q + 16. Calculate the highest common divisor of 80 and q.
16
Suppose 1 = 3*g - 17. Let d(m) = -96*m - 1. Let w be d(-1). Let x = -29 + w. What is the greatest common divisor of x and g?
6
Let f(w) = -4*w - 7. Let r be f(-5). Let p = -1243 - -1945. Suppose -p = -35*n + 29*n. Calculate the highest common divisor of r and n.
13
Suppose -13*i = -2*i - 55. Suppose -762 = -i*q - 2*w, -q = q + 4*w - 292. What is the greatest common divisor of q and 14?
14
Let j be (-102)/(-15)*(-10)/(-2). Suppose -5*p = -86 - 169. Let z = 102 - p. What is the highest common factor of z and j?
17
Let l = -364 - -372. Calculate the greatest common factor of l and 68.
4
Let l = 83 + 76. Suppose 2*d = 3*f + 99, -3*d + 3*f + l = 2*f. What is the greatest common divisor of d and 18?
18
Suppose 14*q - 4*q = 870. Let h = -66 + q. Calculate the greatest common factor of 21 and h.
21
Let j = 1324 - 784. What is the highest common factor of 20 and j?
20
Suppose 520 = -25*y + 38*y. Calculate the highest common factor of 130 and y.
10
Suppose 0 = 5*w - 2*i - 2*i + 612, -5*i = -5*w - 615. Let k be ((-84)/35)/(249/w + 2). Calculate the highest common factor of 224 and k.
32
Let z be (382/1)/(3*38/57). Calculate the highest common factor of z and 3.
1
Suppose -4